{"id":71,"date":"2023-11-01T17:06:33","date_gmt":"2023-11-01T16:06:33","guid":{"rendered":"https:\/\/biblioteka.seminariumfranciszkanskie.pl\/?page_id=71"},"modified":"2023-11-11T10:54:51","modified_gmt":"2023-11-11T09:54:51","slug":"regulamin","status":"publish","type":"page","link":"https:\/\/biblioteka.seminariumfranciszkanskie.pl\/?page_id=71","title":{"rendered":"Regulamin"},"content":{"rendered":"<div class=\"boldgrid-section\">\r\n<div class=\"container\">\r\n<h1 class=\"\" style=\"text-align: center;\">Regulamin korzystania z biblioteki<\/h1>\r\n<p class=\"\"><strong>1.&nbsp;&nbsp;&nbsp;&nbsp;&nbsp;&nbsp;Biblioteka umo\u017cliwia wypo\u017cyczanie ksi\u0105\u017cek:<\/strong><\/p>\r\n<p>a)&nbsp;&nbsp;&nbsp;&nbsp;&nbsp;&nbsp;mieszka\u0144com WSD na okres 6 miesi\u0119cy.<\/p>\r\n<p>b)&nbsp;&nbsp;&nbsp;&nbsp;&nbsp;profesorom WSD na okres 6 miesi\u0119cy.<\/p>\r\n<p>c)&nbsp;&nbsp;&nbsp;&nbsp;&nbsp;&nbsp;zakonnikom nale\u017c\u0105cym do polskich prowincji Zakonu Braci Mniejszych Konwentualnych na okres 1 miesi\u0105ca.<\/p>\r\n<p class=\"\"><strong>2.&nbsp;&nbsp;&nbsp;&nbsp;&nbsp;&nbsp;Ze wzgl\u0119du na unikalno\u015b\u0107 ksi\u0105\u017cek Dyrektor Biblioteki decyduje, kt\u00f3re z nich mo\u017cna wypo\u017cyczy\u0107, a kt\u00f3re skonsultowa\u0107 jedynie na miejscu.<\/strong><\/p>\r\n<p class=\"\"><strong>3.&nbsp;&nbsp;&nbsp;&nbsp;&nbsp;&nbsp;Osoby z zewn\u0105trz mog\u0105 skorzysta\u0107 z zasob\u00f3w Biblioteki tylko w czytelni po wcze\u015bniejszym um\u00f3wieniu telefonicznym lub mailowym, kt\u00f3re wi\u0105\u017ce si\u0119 z ka\u017cdorazowym udzieleniem zgody Dyrektora Biblioteki.<\/strong><\/p>\r\n<div class=\"row\">\r\n<div class=\"col-lg-12 col-md-12 col-sm-12 col-xs-12\"><\/div>\r\n<\/div>\r\n<\/div>\r\n<\/div>\r\n<div class=\"wp-block-buttons\"><\/div>\r\n<!-- \/wp:post-content -->\r\n\r\n<!-- wp:media-text {\"mediaId\":127,\"mediaLink\":\"https:\/\/biblioteka.seminariumfranciszkanskie.pl\/?attachment_id=127\",\"mediaType\":\"image\"} -->\r\n<div class=\"wp-block-media-text is-stacked-on-mobile\">\r\n<figure class=\"wp-block-media-text__media\"><\/figure>\r\n<div class=\"wp-block-media-text__content\"><!-- wp:paragraph {\"placeholder\":\"Tre\u015b\u0107...\"} \/--><\/div>\r\n<\/div>\r\n<!-- \/wp:media-text -->","protected":false},"excerpt":{"rendered":"<p>Regulamin korzystania z biblioteki 1.&nbsp;&nbsp;&nbsp;&nbsp;&nbsp;&nbsp;Biblioteka umo\u017cliwia wypo\u017cyczanie ksi\u0105\u017cek: a)&nbsp;&nbsp;&nbsp;&nbsp;&nbsp;&nbsp;mieszka\u0144com WSD na okres 6 miesi\u0119cy. b)&nbsp;&nbsp;&nbsp;&nbsp;&nbsp;profesorom WSD na okres 6 miesi\u0119cy. c)&nbsp;&nbsp;&nbsp;&nbsp;&nbsp;&nbsp;zakonnikom nale\u017c\u0105cym do polskich prowincji Zakonu Braci Mniejszych Konwentualnych na okres 1 miesi\u0105ca. 2.&nbsp;&nbsp;&nbsp;&nbsp;&nbsp;&nbsp;Ze wzgl\u0119du na unikalno\u015b\u0107 ksi\u0105\u017cek Dyrektor Biblioteki decyduje, kt\u00f3re z nich mo\u017cna wypo\u017cyczy\u0107, a kt\u00f3re skonsultowa\u0107 jedynie na miejscu. 3.&nbsp;&nbsp;&nbsp;&nbsp;&nbsp;&nbsp;Osoby z zewn\u0105trz [&hellip;]<\/p>\n","protected":false},"author":1,"featured_media":0,"parent":0,"menu_order":0,"comment_status":"closed","ping_status":"closed","template":"","meta":{"bgseo_title":"","bgseo_description":"","bgseo_robots_index":"index","bgseo_robots_follow":"follow","footnotes":""},"class_list":["post-71","page","type-page","status-publish","hentry"],"_links":{"self":[{"href":"https:\/\/biblioteka.seminariumfranciszkanskie.pl\/index.php?rest_route=\/wp\/v2\/pages\/71","targetHints":{"allow":["GET"]}}],"collection":[{"href":"https:\/\/biblioteka.seminariumfranciszkanskie.pl\/index.php?rest_route=\/wp\/v2\/pages"}],"about":[{"href":"https:\/\/biblioteka.seminariumfranciszkanskie.pl\/index.php?rest_route=\/wp\/v2\/types\/page"}],"author":[{"embeddable":true,"href":"https:\/\/biblioteka.seminariumfranciszkanskie.pl\/index.php?rest_route=\/wp\/v2\/users\/1"}],"replies":[{"embeddable":true,"href":"https:\/\/biblioteka.seminariumfranciszkanskie.pl\/index.php?rest_route=%2Fwp%2Fv2%2Fcomments&post=71"}],"version-history":[{"count":7,"href":"https:\/\/biblioteka.seminariumfranciszkanskie.pl\/index.php?rest_route=\/wp\/v2\/pages\/71\/revisions"}],"predecessor-version":[{"id":267,"href":"https:\/\/biblioteka.seminariumfranciszkanskie.pl\/index.php?rest_route=\/wp\/v2\/pages\/71\/revisions\/267"}],"wp:attachment":[{"href":"https:\/\/biblioteka.seminariumfranciszkanskie.pl\/index.php?rest_route=%2Fwp%2Fv2%2Fmedia&parent=71"}],"curies":[{"name":"wp","href":"https:\/\/api.w.org\/{rel}","templated":true}]}}

<div class="boldgrid-section">
<div class="container">
<h1 class="" style="text-align: center;">Regulamin korzystania z biblioteki</h1>
<p class=""><strong>1.&nbsp;&nbsp;&nbsp;&nbsp;&nbsp;&nbsp;Biblioteka umożliwia wypożyczanie książek:</strong></p>
<p>a)&nbsp;&nbsp;&nbsp;&nbsp;&nbsp;&nbsp;mieszkańcom WSD na okres 6 miesięcy.</p>
<p>b)&nbsp;&nbsp;&nbsp;&nbsp;&nbsp;profesorom WSD na okres 6 miesięcy.</p>
<p>c)&nbsp;&nbsp;&nbsp;&nbsp;&nbsp;&nbsp;zakonnikom należącym do polskich prowincji Zakonu Braci Mniejszych Konwentualnych na okres 1 miesiąca.</p>
<p class=""><strong>2.&nbsp;&nbsp;&nbsp;&nbsp;&nbsp;&nbsp;Ze względu na unikalność książek Dyrektor Biblioteki decyduje, które z nich można wypożyczyć, a które skonsultować jedynie na miejscu.</strong></p>
<p class=""><strong>3.&nbsp;&nbsp;&nbsp;&nbsp;&nbsp;&nbsp;Osoby z zewnątrz mogą skorzystać z zasobów Biblioteki tylko w czytelni po wcześniejszym umówieniu telefonicznym lub mailowym, które wiąże się z każdorazowym udzieleniem zgody Dyrektora Biblioteki.</strong></p>
<div class="row">
<div class="col-lg-12 col-md-12 col-sm-12 col-xs-12"></div>
</div>
</div>
</div>
<div class="wp-block-buttons"></div>
<!-- /wp:post-content -->

<!-- wp:media-text {"mediaId":127,"mediaLink":"https://biblioteka.seminariumfranciszkanskie.pl/?attachment_id=127","mediaType":"image"} -->
<div class="wp-block-media-text is-stacked-on-mobile">
<figure class="wp-block-media-text__media"></figure>
<div class="wp-block-media-text__content"><!-- wp:paragraph {"placeholder":"Treść..."} /--></div>
</div>
<!-- /wp:media-text -->

<p>Regulamin korzystania z biblioteki 1.&nbsp;&nbsp;&nbsp;&nbsp;&nbsp;&nbsp;Biblioteka umożliwia wypożyczanie książek: a)&nbsp;&nbsp;&nbsp;&nbsp;&nbsp;&nbsp;mieszkańcom WSD na okres 6 miesięcy. b)&nbsp;&nbsp;&nbsp;&nbsp;&nbsp;profesorom WSD na okres 6 miesięcy. c)&nbsp;&nbsp;&nbsp;&nbsp;&nbsp;&nbsp;zakonnikom należącym do polskich prowincji Zakonu Braci Mniejszych Konwentualnych na okres 1 miesiąca. 2.&nbsp;&nbsp;&nbsp;&nbsp;&nbsp;&nbsp;Ze względu na unikalność książek Dyrektor Biblioteki decyduje, które z nich można wypożyczyć, a które skonsultować jedynie na miejscu. 3.&nbsp;&nbsp;&nbsp;&nbsp;&nbsp;&nbsp;Osoby z zewnątrz [&hellip;]</p>
