{"id":48,"date":"2023-11-01T16:55:01","date_gmt":"2023-11-01T15:55:01","guid":{"rendered":"https:\/\/biblioteka.seminariumfranciszkanskie.pl\/?page_id=48"},"modified":"2023-11-06T22:08:45","modified_gmt":"2023-11-06T21:08:45","slug":"kontakt","status":"publish","type":"page","link":"https:\/\/biblioteka.seminariumfranciszkanskie.pl\/?page_id=48","title":{"rendered":"Kontakt"},"content":{"rendered":"\r\n<div><\/div>\r\n<div class=\"wp-block-media-text is-stacked-on-mobile is-vertically-aligned-top\">\r\n<div class=\"wp-block-media-text__content\"><\/div>\r\n<\/div>\r\n\r\n<div class=\"color-neutral-background-color color-neutral-text-contrast bg-background-color tmpl-contact-5 boldgrid-section dynamic-gridblock\">\r\n<div class=\"container-fluid\">\r\n<div class=\"row\" style=\"padding-top: 50px; padding-bottom: 50px; background-image: url('https:\/\/images.unsplash.com\/photo-1487017159836-4e23ece2e4cf?crop=entropy&amp;cs=tinysrgb&amp;fit=max&amp;fm=jpg&amp;ixid=MnwzODUwMDN8MHwxfGFsbHx8fHx8fHx8fDE2Njk3NDU4Nzk&amp;ixlib=rb-4.0.3&amp;q=80&amp;w=1080'); background-size: cover; background-position: 50% 50%;\" data-image-url=\"https:\/\/images.unsplash.com\/photo-1487017159836-4e23ece2e4cf?crop=entropy&amp;cs=tinysrgb&amp;fit=max&amp;fm=jpg&amp;ixid=MnwzODUwMDN8MHwxfGFsbHx8fHx8fHx8fDE2Njk3NDU4Nzk&amp;ixlib=rb-4.0.3&amp;q=80&amp;w=1080\">\r\n<div class=\"col-md-4 col-sm-8 col-xs-9 col-lg-4\">\r\n<p class=\"\"><img loading=\"lazy\" decoding=\"async\" class=\"bg-img aligncenter wp-image-189 size-medium\" src=\"https:\/\/biblioteka.seminariumfranciszkanskie.pl\/wp-content\/uploads\/2023\/11\/LOGO-BIBLIOTEKA-Franciszkanska-Lodz_biale-226x300.png\" alt=\"\" width=\"226\" height=\"300\" srcset=\"https:\/\/biblioteka.seminariumfranciszkanskie.pl\/wp-content\/uploads\/2023\/11\/LOGO-BIBLIOTEKA-Franciszkanska-Lodz_biale-226x300.png 226w, https:\/\/biblioteka.seminariumfranciszkanskie.pl\/wp-content\/uploads\/2023\/11\/LOGO-BIBLIOTEKA-Franciszkanska-Lodz_biale-772x1024.png 772w, https:\/\/biblioteka.seminariumfranciszkanskie.pl\/wp-content\/uploads\/2023\/11\/LOGO-BIBLIOTEKA-Franciszkanska-Lodz_biale-768x1018.png 768w, https:\/\/biblioteka.seminariumfranciszkanskie.pl\/wp-content\/uploads\/2023\/11\/LOGO-BIBLIOTEKA-Franciszkanska-Lodz_biale-1158x1536.png 1158w, https:\/\/biblioteka.seminariumfranciszkanskie.pl\/wp-content\/uploads\/2023\/11\/LOGO-BIBLIOTEKA-Franciszkanska-Lodz_biale-1544x2048.png 1544w\" sizes=\"auto, (max-width: 226px) 100vw, 226px\" \/><\/p>\r\n<\/div>\r\n<div class=\"col-md-7 col-sm-12 col-xs-12 col-lg-7\">\r\n<h2 class=\"color5-color\"><span style=\"color: #ffffff;\">Kontakt<\/span><\/h2>\r\n<div class=\"row bg-editor-hr-wrap\">\r\n<div class=\"col-md-12 col-sm-12 col-xs-12 col-lg-12\"><hr class=\"bg-hr\"><\/div>\r\n<\/div>\r\n<p class=\"\"><span style=\"color: #ffffff;\">ul. Ok\u00f3lna 185<\/span><br><span style=\"color: #ffffff;\">91-520 \u0141\u00f3d\u017a<\/span><br><span style=\"color: #ffffff;\">tel. (42) 61 61 600<\/span><\/p>\r\n<p class=\"\"><span style=\"color: #ffffff;\">biblioteka@seminariumfranciszkanskie.pl<\/span><\/p>\r\n<\/div>\r\n<\/div>\r\n<div class=\"row\">\r\n<div class=\"col-lg-6 col-md-12 col-xs-12 col-sm-12\">\r\n<div class=\"boldgrid-shortcode\" data-imhwpb-draggable=\"true\">\r\n\r\n<\/div>\r\n<\/div>\r\n<div class=\"col-md-12 col-sm-12 col-xs-12 bg-box-flush col-lg-6\">\r\n<p class=\"boldgrid-google-maps\" style=\"margin: 0;\">&nbsp;<\/p>\r\n<h4 class=\"\" style=\"margin-top: 0;\">VISIT TODAY<\/h4>\r\n<p class=\"boldgrid-google-maps\"><iframe loading=\"lazy\" style=\"max-width: 100%;\" src=\"https:\/\/maps.google.com\/maps?q=%C5%81%C3%B3d%C5%BA%2C%20ok%C3%B3lna%20185&amp;t=m&amp;z=16&amp;output=embed\" width=\"600\" height=\"800\" frameborder=\"0\"><\/iframe><\/p>\r\n<\/div>\r\n<\/div>\r\n<div class=\"row bounce\" style=\"padding-top: 20px; padding-bottom: 20px;\">\r\n<div class=\"col-md-1 col-sm-1 col-xs-12 col-lg-1\"><\/div>\r\n<\/div>\r\n<\/div>\r\n<\/div>","protected":false},"excerpt":{"rendered":"<p>Kontakt ul. Ok\u00f3lna 18591-520 \u0141\u00f3d\u017atel. (42) 61 61 600 biblioteka@seminariumfranciszkanskie.pl &nbsp; VISIT TODAY<\/p>\n","protected":false},"author":1,"featured_media":0,"parent":0,"menu_order":0,"comment_status":"closed","ping_status":"closed","template":"","meta":{"bgseo_title":"","bgseo_description":"","bgseo_robots_index":"index","bgseo_robots_follow":"follow","footnotes":""},"class_list":["post-48","page","type-page","status-publish","hentry"],"_links":{"self":[{"href":"https:\/\/biblioteka.seminariumfranciszkanskie.pl\/index.php?rest_route=\/wp\/v2\/pages\/48","targetHints":{"allow":["GET"]}}],"collection":[{"href":"https:\/\/biblioteka.seminariumfranciszkanskie.pl\/index.php?rest_route=\/wp\/v2\/pages"}],"about":[{"href":"https:\/\/biblioteka.seminariumfranciszkanskie.pl\/index.php?rest_route=\/wp\/v2\/types\/page"}],"author":[{"embeddable":true,"href":"https:\/\/biblioteka.seminariumfranciszkanskie.pl\/index.php?rest_route=\/wp\/v2\/users\/1"}],"replies":[{"embeddable":true,"href":"https:\/\/biblioteka.seminariumfranciszkanskie.pl\/index.php?rest_route=%2Fwp%2Fv2%2Fcomments&post=48"}],"version-history":[{"count":12,"href":"https:\/\/biblioteka.seminariumfranciszkanskie.pl\/index.php?rest_route=\/wp\/v2\/pages\/48\/revisions"}],"predecessor-version":[{"id":213,"href":"https:\/\/biblioteka.seminariumfranciszkanskie.pl\/index.php?rest_route=\/wp\/v2\/pages\/48\/revisions\/213"}],"wp:attachment":[{"href":"https:\/\/biblioteka.seminariumfranciszkanskie.pl\/index.php?rest_route=%2Fwp%2Fv2%2Fmedia&parent=48"}],"curies":[{"name":"wp","href":"https:\/\/api.w.org\/{rel}","templated":true}]}}