{"id":223,"date":"2023-11-06T22:41:03","date_gmt":"2023-11-06T21:41:03","guid":{"rendered":"https:\/\/biblioteka.seminariumfranciszkanskie.pl\/?page_id=223"},"modified":"2023-11-14T15:20:13","modified_gmt":"2023-11-14T14:20:13","slug":"instytut-franciszkanski","status":"publish","type":"page","link":"https:\/\/biblioteka.seminariumfranciszkanskie.pl\/?page_id=223","title":{"rendered":"Instytut Franciszka\u0144ski"},"content":{"rendered":"<div class=\"boldgrid-section\">\n<div class=\"container\">\n<div class=\"row\" style=\"padding-top: 50px; padding-bottom: 50px;\">\n<div class=\"col-lg-3 col-md-6 col-sm-1 col-xs-12\">\n<p class=\"\"><img loading=\"lazy\" decoding=\"async\" class=\"alignnone wp-image-211 size-medium\" style=\"width: 100%;\" src=\"https:\/\/biblioteka.seminariumfranciszkanskie.pl\/wp-content\/uploads\/2023\/11\/LOGO-Instytut-Franciszkanski-Lodz_biale-300x138.png\" alt=\"\" width=\"300\" height=\"138\" srcset=\"https:\/\/biblioteka.seminariumfranciszkanskie.pl\/wp-content\/uploads\/2023\/11\/LOGO-Instytut-Franciszkanski-Lodz_biale-300x138.png 300w, https:\/\/biblioteka.seminariumfranciszkanskie.pl\/wp-content\/uploads\/2023\/11\/LOGO-Instytut-Franciszkanski-Lodz_biale-1024x470.png 1024w, https:\/\/biblioteka.seminariumfranciszkanskie.pl\/wp-content\/uploads\/2023\/11\/LOGO-Instytut-Franciszkanski-Lodz_biale-768x353.png 768w, https:\/\/biblioteka.seminariumfranciszkanskie.pl\/wp-content\/uploads\/2023\/11\/LOGO-Instytut-Franciszkanski-Lodz_biale-1536x705.png 1536w, https:\/\/biblioteka.seminariumfranciszkanskie.pl\/wp-content\/uploads\/2023\/11\/LOGO-Instytut-Franciszkanski-Lodz_biale-2048x940.png 2048w\" sizes=\"auto, (max-width: 300px) 100vw, 300px\" \/><\/p>\n<p class=\"\">&nbsp;<\/p>\n<\/div>\n<div class=\"col-lg-9 col-md-6 col-sm-11 col-xs-12\">\n<div class=\"row\" style=\"padding-top: 10px; padding-bottom: 10px;\">\n<div class=\"col-lg-12 col-md-12 col-sm-12 col-xs-12\">\n<div>\n<p>Instytut Franciszka\u0144ski funkcjonuje od 11 kwietnia 1980 roku. Wtedy to Prowincja\u0142 o. Stanis\u0142aw Frejlich dokona\u0142 zmiany nazwy Komitetu Naukowego i Wydawniczego na Instytut Franciszka\u0144ski z siedzib\u0105 sekretariatu w Lublinie. Od 1987 roku Instytut mie\u015bci si\u0119 przy Wy\u017cszym Seminarium Duchownym Ojc\u00f3w Franciszkan\u00f3w w \u0141odzi \u2013 \u0141agiewnikach.<\/p>\n<p><a class=\"shutterset\" href=\"https:\/\/i0.wp.com\/seminariumfranciszkanskie.pl\/wp-content\/uploads\/2012\/08\/napiorkowski.jpg?ssl=1\"><img loading=\"lazy\" decoding=\"async\" class=\" wp-image-9370 alignleft\" src=\"https:\/\/i0.wp.com\/seminariumfranciszkanskie.pl\/wp-content\/uploads\/2012\/08\/napiorkowski.jpg?resize=130%2C180&amp;ssl=1\" alt=\"napiorkowski\" width=\"130\" height=\"180\"><\/a>Pierwszym dyrektorem Instytutu by\u0142 jego za\u0142o\u017cyciel, o. prof. Celestyn Stanis\u0142aw Napi\u00f3rkowski. w roku 2014 nast\u0105pi\u0142a zamiana: nowym dyrektorem zosta\u0142 wybrany przez zarz\u0105d prowincji o. dr Miros\u0142aw Adaszkiewicz.<\/p>\n<p>G\u0142\u00f3wnym zadaniem Instytutu jest upowszechnianie znajomo\u015bci \u015bw. Franciszka i Jego charyzmatu. W Instytucie gromadzone s\u0105 polskie i zagraniczne ksi\u0105\u017cki i pisma o tematyce franciszka\u0144skiej, szczeg\u00f3lnie z zakresu historii, filozofii, teologii i duchowo\u015bci. Z prowadzonej biblioteki mog\u0105 korzysta\u0107 bracia klerycy i osoby z zewn\u0105trz. Instytut prowadzi dwie serie wydawnicze, tj. Bibliotek\u0119 Instytutu Franciszka\u0144skiego (BIF) oraz Ma\u0142\u0105 Bibliotek\u0119 Instytutu Franciszka\u0144skiego (MBIF). Nadto od kilku lat jest wsp\u00f3\u0142organizatorem (wraz z Semianarium) corocznych, dwudniowych sympozj\u00f3w naukowych o problematyce franciszka\u0144skiej.<\/p>\n<p>Sympozjum w 2007 r.: Po\u015bwi\u0119cone by\u0142o \u015bwi\u0119tu stworzenia. Prelegenci omawiali istnienie tej tematyki w teologii i liturgii r\u00f3\u017cnych wsp\u00f3lnot chrze\u015bcija\u0144skich, a tak\u017ce rozwa\u017cali mo\u017cliwo\u015b\u0107 wprowadzenia takiego \u015bwi\u0119ta w Ko\u015bciele katolickim.<\/p>\n<p>Sympozjum w 2008 r.: Zosta\u0142o ono zorganizowane z okazji przypadaj\u0105cej w tym roku siedemsetnej rocznicy \u015bmierci b\u0142. Jana Dunsa Szkota \u2013 franciszkanina. Prelegenci omawiali dorobek naukowy tego wielkiego filozofa i teologa.<\/p>\n<p>&nbsp;<\/p>\n<p>&nbsp;<\/p>\n<p style=\"text-align: left;\">Materia\u0142y z sympozj\u00f3w s\u0105 publikowane w osobnych edycjach ksi\u0105\u017ckowych (seria MBIF), b\u0105d\u017a w roczniku naukowym WSD \u0141agiewniki \u2013 Lignum Vitae.&nbsp;<\/p>\n<p style=\"text-align: center;\">Je\u015bli jeste\u015b zainteresowany ich nabyciem prosimy o kontakt z Instytutem:<\/p>\n<p style=\"text-align: center;\">Instytut jest czynny od pa\u017adziernika do czerwca.<br \/>\nwtorek 16:00 \u2013 18:00 i sobota 9:00 \u2013 13:30<br \/>\nW lipcu, sierpniu i wrze\u015bniu instytut jest nieczynny.<\/p>\n<p style=\"text-align: center;\">Korzystanie z biblioteki Instytutu Franciszka\u0144skiego po wcze\u015bniejszym um\u00f3wieniu telefonicznym lub mailowym,<br \/>\no. Piotr K\u0142ys, dyrektor IF, tel.: 42-61-61-600<br \/>\n&nbsp;e-mail: instytutfranciszkanski@seminariumfranciszkanskie.pl<\/p>\n<\/div>\n<\/div>\n<\/div>\n<div class=\"row\" style=\"padding-top: 10px; padding-bottom: 10px; text-align: center;\">\n<div class=\"col-lg-12 col-md-12 col-sm-12 col-xs-12\">\n<div>\n<p class=\"\"><a class=\"shutterset\" href=\"https:\/\/i0.wp.com\/seminariumfranciszkanskie.pl\/wp-content\/uploads\/2013\/11\/sympozjum-18.jpg?ssl=1\"><img loading=\"lazy\" decoding=\"async\" class=\" wp-image-7504 alignleft\" src=\"https:\/\/i0.wp.com\/seminariumfranciszkanskie.pl\/wp-content\/uploads\/2013\/11\/sympozjum-18.jpg?resize=316%2C212&amp;ssl=1\" alt=\"sympozjum 18\" width=\"316\" height=\"212\"><\/a><img loading=\"lazy\" decoding=\"async\" class=\" wp-image-7506 alignright\" src=\"https:\/\/i0.wp.com\/seminariumfranciszkanskie.pl\/wp-content\/uploads\/2013\/11\/sympozjum-20.jpg?resize=321%2C212&amp;ssl=1\" sizes=\"auto, (max-width: 321px) 100vw, 321px\" srcset=\"https:\/\/i0.wp.com\/seminariumfranciszkanskie.pl\/wp-content\/uploads\/2013\/11\/sympozjum-20.jpg?resize=300%2C198&amp;ssl=1 300w, https:\/\/i0.wp.com\/seminariumfranciszkanskie.pl\/wp-content\/uploads\/2013\/11\/sympozjum-20.jpg?w=1000&amp;ssl=1 1000w\" alt=\"sympozjum 20\" width=\"321\" height=\"213\"><\/p>\n<\/div>\n<\/div>\n<\/div>\n<\/div>\n<\/div>\n<\/div>\n<\/div>\n<div class=\"boldgrid-section\">\n<div class=\"container\">\n<div class=\"row\">\n<div class=\"col-lg-12 col-md-12 col-xs-12 col-sm-12\">\n<p style=\"text-align: center;\">&nbsp;<\/p>\n<\/div>\n<\/div>\n<\/div>\n<\/div>\n","protected":false},"excerpt":{"rendered":"<p>&nbsp; Instytut Franciszka\u0144ski funkcjonuje od 11 kwietnia 1980 roku. Wtedy to Prowincja\u0142 o. Stanis\u0142aw Frejlich dokona\u0142 zmiany nazwy Komitetu Naukowego i Wydawniczego na Instytut Franciszka\u0144ski z siedzib\u0105 sekretariatu w Lublinie. Od 1987 roku Instytut mie\u015bci si\u0119 przy Wy\u017cszym Seminarium Duchownym Ojc\u00f3w Franciszkan\u00f3w w \u0141odzi \u2013 \u0141agiewnikach. Pierwszym dyrektorem Instytutu by\u0142 jego za\u0142o\u017cyciel, o. prof. Celestyn [&hellip;]<\/p>\n","protected":false},"author":1,"featured_media":0,"parent":0,"menu_order":0,"comment_status":"closed","ping_status":"closed","template":"","meta":{"bgseo_title":"","bgseo_description":"","bgseo_robots_index":"index","bgseo_robots_follow":"follow","footnotes":""},"class_list":["post-223","page","type-page","status-publish","hentry"],"_links":{"self":[{"href":"https:\/\/biblioteka.seminariumfranciszkanskie.pl\/index.php?rest_route=\/wp\/v2\/pages\/223","targetHints":{"allow":["GET"]}}],"collection":[{"href":"https:\/\/biblioteka.seminariumfranciszkanskie.pl\/index.php?rest_route=\/wp\/v2\/pages"}],"about":[{"href":"https:\/\/biblioteka.seminariumfranciszkanskie.pl\/index.php?rest_route=\/wp\/v2\/types\/page"}],"author":[{"embeddable":true,"href":"https:\/\/biblioteka.seminariumfranciszkanskie.pl\/index.php?rest_route=\/wp\/v2\/users\/1"}],"replies":[{"embeddable":true,"href":"https:\/\/biblioteka.seminariumfranciszkanskie.pl\/index.php?rest_route=%2Fwp%2Fv2%2Fcomments&post=223"}],"version-history":[{"count":14,"href":"https:\/\/biblioteka.seminariumfranciszkanskie.pl\/index.php?rest_route=\/wp\/v2\/pages\/223\/revisions"}],"predecessor-version":[{"id":277,"href":"https:\/\/biblioteka.seminariumfranciszkanskie.pl\/index.php?rest_route=\/wp\/v2\/pages\/223\/revisions\/277"}],"wp:attachment":[{"href":"https:\/\/biblioteka.seminariumfranciszkanskie.pl\/index.php?rest_route=%2Fwp%2Fv2%2Fmedia&parent=223"}],"curies":[{"name":"wp","href":"https:\/\/api.w.org\/{rel}","templated":true}]}}

Instytut Franciszkański

<div class="boldgrid-section">
<div class="container">
<div class="row" style="padding-top: 50px; padding-bottom: 50px;">
<div class="col-lg-3 col-md-6 col-sm-1 col-xs-12">
<p class=""><img loading="lazy" decoding="async" class="alignnone wp-image-211 size-medium" style="width: 100%;" src="https://biblioteka.seminariumfranciszkanskie.pl/wp-content/uploads/2023/11/LOGO-Instytut-Franciszkanski-Lodz_biale-300x138.png" alt="" width="300" height="138" srcset="https://biblioteka.seminariumfranciszkanskie.pl/wp-content/uploads/2023/11/LOGO-Instytut-Franciszkanski-Lodz_biale-300x138.png 300w, https://biblioteka.seminariumfranciszkanskie.pl/wp-content/uploads/2023/11/LOGO-Instytut-Franciszkanski-Lodz_biale-1024x470.png 1024w, https://biblioteka.seminariumfranciszkanskie.pl/wp-content/uploads/2023/11/LOGO-Instytut-Franciszkanski-Lodz_biale-768x353.png 768w, https://biblioteka.seminariumfranciszkanskie.pl/wp-content/uploads/2023/11/LOGO-Instytut-Franciszkanski-Lodz_biale-1536x705.png 1536w, https://biblioteka.seminariumfranciszkanskie.pl/wp-content/uploads/2023/11/LOGO-Instytut-Franciszkanski-Lodz_biale-2048x940.png 2048w" sizes="auto, (max-width: 300px) 100vw, 300px" /></p>
<p class="">&nbsp;</p>
</div>
<div class="col-lg-9 col-md-6 col-sm-11 col-xs-12">
<div class="row" style="padding-top: 10px; padding-bottom: 10px;">
<div class="col-lg-12 col-md-12 col-sm-12 col-xs-12">
<div>
<p>Instytut Franciszkański funkcjonuje od 11 kwietnia 1980 roku. Wtedy to Prowincjał o. Stanisław Frejlich dokonał zmiany nazwy Komitetu Naukowego i Wydawniczego na Instytut Franciszkański z siedzibą sekretariatu w Lublinie. Od 1987 roku Instytut mieści się przy Wyższym Seminarium Duchownym Ojców Franciszkanów w Łodzi – Łagiewnikach.</p>
<p><a class="shutterset" href="https://i0.wp.com/seminariumfranciszkanskie.pl/wp-content/uploads/2012/08/napiorkowski.jpg?ssl=1"><img loading="lazy" decoding="async" class=" wp-image-9370 alignleft" src="https://i0.wp.com/seminariumfranciszkanskie.pl/wp-content/uploads/2012/08/napiorkowski.jpg?resize=130%2C180&amp;ssl=1" alt="napiorkowski" width="130" height="180"></a>Pierwszym dyrektorem Instytutu był jego założyciel, o. prof. Celestyn Stanisław Napiórkowski. w roku 2014 nastąpiła zamiana: nowym dyrektorem został wybrany przez zarząd prowincji o. dr Mirosław Adaszkiewicz.</p>
<p>Głównym zadaniem Instytutu jest upowszechnianie znajomości św. Franciszka i Jego charyzmatu. W Instytucie gromadzone są polskie i zagraniczne książki i pisma o tematyce franciszkańskiej, szczególnie z zakresu historii, filozofii, teologii i duchowości. Z prowadzonej biblioteki mogą korzystać bracia klerycy i osoby z zewnątrz. Instytut prowadzi dwie serie wydawnicze, tj. Bibliotekę Instytutu Franciszkańskiego (BIF) oraz Małą Bibliotekę Instytutu Franciszkańskiego (MBIF). Nadto od kilku lat jest współorganizatorem (wraz z Semianarium) corocznych, dwudniowych sympozjów naukowych o problematyce franciszkańskiej.</p>
<p>Sympozjum w 2007 r.: Poświęcone było świętu stworzenia. Prelegenci omawiali istnienie tej tematyki w teologii i liturgii różnych wspólnot chrześcijańskich, a także rozważali możliwość wprowadzenia takiego święta w Kościele katolickim.</p>
<p>Sympozjum w 2008 r.: Zostało ono zorganizowane z okazji przypadającej w tym roku siedemsetnej rocznicy śmierci bł. Jana Dunsa Szkota – franciszkanina. Prelegenci omawiali dorobek naukowy tego wielkiego filozofa i teologa.</p>
<p>&nbsp;</p>
<p>&nbsp;</p>
<p style="text-align: left;">Materiały z sympozjów są publikowane w osobnych edycjach książkowych (seria MBIF), bądź w roczniku naukowym WSD Łagiewniki – Lignum Vitae.&nbsp;</p>
<p style="text-align: center;">Jeśli jesteś zainteresowany ich nabyciem prosimy o kontakt z Instytutem:</p>
<p style="text-align: center;">Instytut jest czynny od października do czerwca.<br />
wtorek 16:00 – 18:00 i sobota 9:00 – 13:30<br />
W lipcu, sierpniu i wrześniu instytut jest nieczynny.</p>
<p style="text-align: center;">Korzystanie z biblioteki Instytutu Franciszkańskiego po wcześniejszym umówieniu telefonicznym lub mailowym,<br />
o. Piotr Kłys, dyrektor IF, tel.: 42-61-61-600<br />
&nbsp;e-mail: instytutfranciszkanski@seminariumfranciszkanskie.pl</p>
</div>
</div>
</div>
<div class="row" style="padding-top: 10px; padding-bottom: 10px; text-align: center;">
<div class="col-lg-12 col-md-12 col-sm-12 col-xs-12">
<div>
<p class=""><a class="shutterset" href="https://i0.wp.com/seminariumfranciszkanskie.pl/wp-content/uploads/2013/11/sympozjum-18.jpg?ssl=1"><img loading="lazy" decoding="async" class=" wp-image-7504 alignleft" src="https://i0.wp.com/seminariumfranciszkanskie.pl/wp-content/uploads/2013/11/sympozjum-18.jpg?resize=316%2C212&amp;ssl=1" alt="sympozjum 18" width="316" height="212"></a><img loading="lazy" decoding="async" class=" wp-image-7506 alignright" src="https://i0.wp.com/seminariumfranciszkanskie.pl/wp-content/uploads/2013/11/sympozjum-20.jpg?resize=321%2C212&amp;ssl=1" sizes="auto, (max-width: 321px) 100vw, 321px" srcset="https://i0.wp.com/seminariumfranciszkanskie.pl/wp-content/uploads/2013/11/sympozjum-20.jpg?resize=300%2C198&amp;ssl=1 300w, https://i0.wp.com/seminariumfranciszkanskie.pl/wp-content/uploads/2013/11/sympozjum-20.jpg?w=1000&amp;ssl=1 1000w" alt="sympozjum 20" width="321" height="213"></p>
</div>
</div>
</div>
</div>
</div>
</div>
</div>
<div class="boldgrid-section">
<div class="container">
<div class="row">
<div class="col-lg-12 col-md-12 col-xs-12 col-sm-12">
<p style="text-align: center;">&nbsp;</p>
</div>
</div>
</div>
</div>

<p>&nbsp; Instytut Franciszkański funkcjonuje od 11 kwietnia 1980 roku. Wtedy to Prowincjał o. Stanisław Frejlich dokonał zmiany nazwy Komitetu Naukowego i Wydawniczego na Instytut Franciszkański z siedzibą sekretariatu w Lublinie. Od 1987 roku Instytut mieści się przy Wyższym Seminarium Duchownym Ojców Franciszkanów w Łodzi – Łagiewnikach. Pierwszym dyrektorem Instytutu był jego założyciel, o. prof. Celestyn [&hellip;]</p>
